3*p = -24, -a - 3*p + 51 = a. Let g(l) = l**3 - 13*l**2 + 13*l - 6. Let d be g(12). What is the highest common divisor of d and a?
3
Suppose 0 = -4*o + 254*m - 255*m + 1543, 0 = 2*o + 5*m - 803. Calculate the highest common divisor of 10624 and o.
128
Let q(o) = 82*o**3 - 81*o**3 + 62 + 58. Let c be q(0). Calculate the highest common factor of 24 and c.
24
Let w(f) = 27*f + 91. Let h be w(-11). Let c = h - -214. Calculate the highest common factor of c and 200.
8
Suppose 14856 + 15191 = 11*w + 8399. Calculate the greatest common factor of w and 96.
48
Suppose 469*c = 473*c + 4*s - 156, 2*s + 192 = 4*c. What is the greatest common factor of 3495 and c?
15
Let t = 177 + -255. Let o = -46 - -294. Let m = o + t. Calculate the greatest common factor of m and 68.
34
Let z be 26*(-40 - -4)/(-4). Suppose 10*l - z = -3*l. Calculate the greatest common factor of l and 90.
18
Let g be (-2 - -12)*(-462)/(-105). Let q = 204 - 28. Suppose 0 = -a + q. What is the greatest common factor of g and a?
44
Let u = 341 - 201. Let q be (-9)/((-108)/8)*-9. Let j = q + 62. Calculate the greatest common divisor of u and j.
28
Let p be (-3)/(-3)*770/(-44)*-6. What is the highest common divisor of 465 and p?
15
Suppose 3*o - 4*f = 25933, -46*o + 45*o - 2*f + 8661 = 0. What is the greatest common divisor of 123 and o?
41
Let b = -294 - -303. Suppose 6431 = 5*j - u, -3*j = -b*u + 7*u - 3853. Calculate the greatest common factor of j and 39.
39
Let a(y) = 8*y**2 + 70*y - 101. Let s be a(-11). What is the highest common divisor of s and 873?
97
Suppose 5*w - 26 = -2*q + 6*q, -5*q = w - 11. Suppose 0 = -4*i + w*i - 18. Suppose -149 + i = -4*m. Calculate the highest common factor of m and 14.
7
Suppose 0 = -21*l + 168 + 1237 - 166. Suppose -5*o = -2*p + p - 2652, 0 = 2*o - p - 1059. What is the highest common divisor of l and o?
59
Suppose -4*g = -t + 34 + 43, 319 = 5*t + 2*g. Calculate the greatest common factor of 220 and t.
5
Let t(v) = -52*v**3 - 95*v**2 - 608*v - 24. Let j be t(-6). Calculate the highest common divisor of j and 12.
12
Suppose -5*z = -5*p - 75, -262*z - 63 = -266*z + 5*p. Calculate the greatest common divisor of 734 and z.
2
Suppose -22*p + 18*p = -2476. Let h be p/9 + ((-8)/9)/(-4). Calculate the greatest common factor of h and 161.
23
Let g(h) = 322*h**2 + 8*h. Let a be g(2). Calculate the greatest common factor of 163 and a.
163
Let i = -51 - -91. Let d be 2283/9 + i/(-24). Suppose 8*l - 628 = d. What is the greatest common factor of 22 and l?
22
Suppose 107*p - 77 = 96*p. Suppose -1360 = -p*l - 1339. Calculate the highest common factor of l and 3.
3
Let i = -146 - -158. Suppose -236 = -i*k + 664. What is the greatest common divisor of 100 and k?
25
Suppose 6*o = o + 170. Suppose -1306*t = -1308*t + 14. Let f(l) = l**3 - 2*l**2 + 27. Let u be f(t). Calculate the greatest common divisor of u and o.
34
Let i = -928 - -1460. Suppose -63*f + 5012 = -i. Suppose -4*b + 16 = -4*y, -5*b + 4 = -4*y - 20. What is the highest common divisor of f and b?
8
Suppose -6 = 2*x, -5*l + 3051 = 2*x - 21318. What is the greatest common divisor of l and 52?
13
Suppose -h + 2*h - 111 = 0. Let w = h - 52. Suppose 184 = 3*x - w. What is the highest common divisor of x and 9?
9
Let u = 533 + -289. Suppose u = 5*f - 3*z, 4*f - 6*z + 5*z = 191. What is the highest common divisor of f and 799?
47
Let m = -2085 + 4829. Calculate the greatest common factor of 8 and m.
8
Let l = -61 - -102. Let i = 209 - l. What is the highest common factor of i and 21?
21
Suppose 2*s = -5*z + 2144, -2*s + 4288 = 2*s + z. Let r = 1142 - s. Calculate the greatest common factor of r and 40.
10
Let x be ((-66)/5)/((-3)/10). Suppose -132 = -11*i + x. Calculate the highest common factor of 304 and i.
16
Let u = 428 + -323. Let x be (u/20 + -5)*-4 + 211. Calculate the highest common factor of 294 and x.
42
Let w = -25 + 64. Suppose -3*h = -6 - w. Suppose -4*r + 0*x = -3*x - 9, h = 3*x. Calculate the highest common factor of 6 and r.
6
Suppose -q - 3*x + 85 = 0, 3*q + 3*x - 104 - 181 = 0. Suppose -q*n - 44 = -104*n. What is the highest common divisor of 1 and n?
1
Suppose -72*b = -75*b + 12. Suppose -b*k + 14 + 18 = 0. Suppose -z + 5 = -3. Calculate the greatest common factor of k and z.
8
Let t = 265 - 244. Let j(y) = y**3 - 20*y**2 - 20*y + 30. Let w be j(t). Calculate the highest common divisor of 357 and w.
51
Let n(c) be the first derivative of c**3/3 - 4*c**2 + 13*c - 1. Let s be -3 + 13 - (0 + -1 + 5). Let p be n(s). Calculate the highest common divisor of 7 and p.
1
Let l = 215 + -190. Suppose -2*g - u + 135 + 7 = 0, g - 5*u - 60 = 0. Let a be (7/2 - 1)*g. What is the highest common divisor of a and l?
25
Let j(c) = -c**3 - 18*c**2 - 20*c. Let v = 700 + -717. Let f be j(v). What is the highest common divisor of 459 and f?
51
Let x = 5028 - 4648. What is the highest common divisor of 1216 and x?
76
Let o be 0/((-14)/(-35)*5). Suppose o = 2*u - 7*q + 2*q - 7, -2*u - q = -37. Calculate the greatest common factor of u and 2.
2
Let l be 5 - (-6 - 8*-4). Let x be (-237)/l - (-2 + 64/28). Calculate the highest common divisor of 11 and x.
11
Let z be -5 + -2 + 7 + 2. Suppose 2 = -0*o + z*o. What is the highest common factor of o and 2?
1
Let o(i) = 20*i - 3. Let s be o(1). Let a be 0/1 - -2 - (-18 + s). Suppose -4*m = m - 15. What is the greatest common divisor of m and a?
3
Let o(y) = y**2 + 14*y + 14. Let w be o(-7). Let i = w + 38. Suppose -i*a = -4*a + 3, 0 = -3*n + 4*a + 54. Calculate the highest common divisor of n and 154.
22
Suppose t - 64 = -0*t. Let q(a) = -4*a**3 - 6*a**2 + 4*a - 30. Let h be q(-3). What is the greatest common factor of t and h?
4
Let x be (((-45)/(-12))/(-5))/(1*2/(-48)). Calculate the highest common factor of x and 136.
2
Let l = 415 + -375. Suppose 56*y - 3936 = l*y. Calculate the greatest common factor of 6 and y.
6
Suppose -8*t + 10 = -3*t - 5*l, 5*t + 2*l = -4. Suppose i + 19 = 22, 5*n - i - 27 = t. Let d = 19 - 11. Calculate the highest common factor of d and n.
2
Let f(p) = -p**2 - 23*p + 32. Let a be f(-19). Let r = 225 - a. What is the highest common factor of r and 18?
9
Let f be 36558/9 + (-7)/((-28)/16). Calculate the highest common factor of f and 38.
38
Suppose 20 = -4*p, 2*h + 2*h + 5*p + 401 = 0. Let a = h + 220. Suppose -3*f + a = 6*f. Calculate the highest common factor of 7 and f.
7
Suppose -4*t - 11*w = -14*w - 7549, -5*t - 4*w = -9413. Calculate the greatest common factor of 87 and t.
29
Let b(z) = -4*z**3 + 23*z**2 + 84*z - 188. Let q be b(-6). What is the greatest common factor of 264 and q?
8
Let y be ((-3)/12 - (2951/52 + -1))*-2. Calculate the highest common divisor of y and 3024.
112
Suppose -5*t + 9 = 2*n, -n + 0*t - 2 = -4*t. Let h be (n - 0) + 20*(-2)/(-4). Let i be 3/(18/118) - (-4)/h. What is the highest common factor of i and 160?
20
Suppose -88*a - 62*a + 2650950 = 0. Calculate the highest common factor of a and 1644.
411
Suppose -2*r - 3 = -5*d, -5*r + 42 = -9*d + 13*d. Let j(k) = -k**3 + 12*k**2 - 5*k + 4. Let p be j(r). What is the highest common divisor of 10 and p?
10
Suppose -4*n + 233254 = b, 4*b + 116600 = 54*n - 52*n. What is the greatest common divisor of 74 and n?
74
Let s = -3496 - -3657. What is the greatest common divisor of s and 391?
23
Let z(v) = 6*v**2 + 17*v + 138. Let t be z(-9). Let s = 473 - t. Calculate the greatest common factor of s and 11.
1
Let g = -137 - -139. Suppose -97*d - g = -98*d. Suppose 1 = -4*f - 4*s + 17, -5*f + 2*s = -27. Calculate the highest common divisor of d and f.
1
Let m(n) = -2*n - 1. Let h be m(-4). Let g = 92 - 98. Let f be (-548)/g + -8 + (-69)/(-9). Calculate the greatest common divisor of f and h.
7
Let q(b) = 92*b**2 + 140*b - 34. Let j be q(10). What is the highest common factor of j and 18?
18
Let g(r) = 4*r**2 - 15*r + 233. Let y be g(-20). Calculate the greatest common factor of 81 and y.
27
Let m(l) = l**2 - 14*l + 90. Let o be m(-13). Calculate the highest common divisor of o and 2499.
147
Let q be (-1729)/(-152) + 12/(-16)*(-2)/(-4). Calculate the highest common factor of 5665 and q.
11
Let j = 176 + -76. Suppose 163*m = 164*m - 175. Calculate the highest common factor of m and j.
25
Let z = 5348 + -5284. What is the highest common factor of 11 and z?
1
Let q = 87 + -87. Suppose 4*m